5*g - 147675 = 111650. What is the hundreds digit of g?
7
Let d = 790 - 786. What is the tens digit of 540 - 3 - (-7 + d)?
4
Suppose 8*g + 2 = 9*g. Suppose -3*m - g*m = 0. Suppose -3*f + 53 + 112 = m. What is the units digit of f?
5
Let w be (-162 - (-40)/8) + -8. Let t = 807 + w. What is the tens digit of t?
4
Let s be (-2)/5*-2*(-35)/14. Let j(k) = 3*k**3 + 2*k**2 + 3*k + 2. Let i be j(s). What is the units digit of (-2044)/(-70) + (-2)/i*-2?
9
Suppose 420 = 5*g - 15. Let t = g - 82. Suppose -4*n - n - 4*b + 1421 = 0, 0 = -2*n + t*b + 542. What is the units digit of n?
1
Let t = 21 + -4. What is the hundreds digit of (-2 + t)*4*(-31)/(-10)?
1
Let z(r) = r**3 - 3*r**2 + 4. Let d be z(3). Suppose 17 = d*i + 5. Suppose f - i*k - 6 + 0 = 0, -f - 2*k = -16. What is the units digit of f?
2
Suppose -177*q + 197*q = 0. Suppose 5*u - 15 = -0*u. Suppose -5*h + u*h + 224 = q. What is the units digit of h?
2
Let v(w) = -130*w + 4571. What is the thousands digit of v(0)?
4
Let l = -89 - -91. Let z be 0/((12 - l)/(-5)). Suppose z = 8*t + 4 - 412. What is the tens digit of t?
5
Let s(z) = 18*z**2 + 16*z + 66. Let i be s(15). Suppose -4*x + 5187 = -l, -4*l = 3*x + 480 - i. What is the units digit of x?
6
Let b = 757 + -57. What is the tens digit of b?
0
Suppose 171*d + 21441 = 178*d. Suppose 5*k - 7660 = -5*i, -6*k = 2*i - 3*k - d. What is the thousands digit of i?
1
Let t = 6929 - 2867. What is the units digit of t?
2
Let j(m) = 7*m - 2. Let o be j(-4). Let t = o + 19. Let u = t - -38. What is the units digit of u?
7
Let j(v) = -v**3 - 16*v**2 - 36*v - 285. What is the tens digit of j(-15)?
3
Let x(s) = -s**2 - 4. Let y be x(2). Let k = y - -17. What is the units digit of 2/k - 3080/(-72)?
3
Let w(u) be the first derivative of u**4/4 + u**3 - 10*u**2 + 18*u - 110. What is the hundreds digit of w(7)?
3
Let k(m) be the second derivative of 19*m**3/3 - 150*m. Suppose -4 = y, -2*d + 2*y + 13 = 3. What is the tens digit of k(d)?
3
Let o(y) = y**3 - 5*y**2 - 3*y - 14. Let t be o(6). Suppose t*r = -3*r + 4*r. What is the units digit of (-1*86)/(r - 1)?
6
Suppose -4*u - g - 3*g + 52 = 0, -g - 27 = -3*u. Let c = 5 - u. What is the units digit of (-222)/c + (-2)/5?
4
Suppose 0 = -2*v + 4*w - 154 + 52, 5*w + 10 = 0. Let c = v - 35. What is the units digit of ((-152)/10)/(36/c)?
8
Let h(i) = -i**2 + 4*i - 11. Let c(a) = -a**3 + 0*a**3 - 3 + 8 - 6. Let g(o) = 3*c(o) - h(o). What is the units digit of g(-3)?
0
Suppose 3*y = 4*v + 30481, 9*y + 2*v - 91508 = v. What is the units digit of y?
7
Let k = -1586 - -3440. What is the thousands digit of k?
1
Let q = -150 + 51. Let r be (5 - 23/7)/(1/91). Let k = r + q. What is the units digit of k?
7
What is the ten thousands digit of -5*(-166677)/((-63)/(-3))?
3
Suppose -5*k + 3*t + 112 = 0, 5*t = 5*k - 73 - 47. Let o be (((-24)/k)/(-1))/((-15)/(-8150)). Let v = o - 445. What is the units digit of v?
7
Suppose 25*w - 273630 = 347920. What is the units digit of w?
2
What is the ten thousands digit of -2905*((-909)/45 + 16)?
1
Let i = -1534 - -1050. Let y = i + 922. What is the tens digit of y?
3
Let r(l) = 3*l**2 + 31*l - 21. Let g be r(-12). Suppose -t - 2926 = -g*t. What is the units digit of t?
7
Let l = 18812 - 13230. What is the tens digit of l?
8
What is the tens digit of 42943143/1136 + -3*4/192?
0
Let q = 37508 + -22341. Suppose 5791 = 42*p - q. What is the hundreds digit of p?
4
Let s = 106 + -105. Let k be -2 + (-3 - s) + 269. Let t = k - 130. What is the hundreds digit of t?
1
Let w = -113 + 4. Suppose -6*z - 2*g + 665 + 503 = 0, -974 = -5*z - g. Let b = w + z. What is the units digit of b?
6
Let t(f) = -914*f - 313. What is the tens digit of t(-5)?
5
Suppose -112*l = -131*l + 6327. Suppose 0 = 4*p - 4, -4*w - 7*p + 2*p = -17. Suppose -w*v + l = -0*v. What is the hundreds digit of v?
1
Let m = -250 - -360. Let p = m + 104. What is the hundreds digit of p?
2
Let h(z) = -74*z**2 + 19*z + 39. Let c(g) = -146*g**2 + 39*g + 79. Let w(v) = 4*c(v) - 9*h(v). What is the hundreds digit of w(-3)?
7
Let c be 4/(-1) + 28/(-42)*-3. Let u(t) = -163*t**3 - 4*t**2 - 8*t - 3. What is the hundreds digit of u(c)?
3
Let t be 11*21 - (1 + -1 + 0). Let c = 281 - t. What is the units digit of c?
0
Let a = 15412 + -10822. What is the tens digit of a?
9
Let n = -75 + 75. Suppose n = -5*c - 2*h + 1391, 4*c - 3*h = 536 + 563. What is the tens digit of c?
7
Suppose -6 = -5*j + 24. Let f = j - 7. What is the units digit of (4/(-10))/(f/5)?
2
Let m(k) = -2*k + 2. Let t be m(7). Let i = t + 178. Suppose i + 289 = 7*c. What is the units digit of c?
5
Let i = -195 + 217. What is the hundreds digit of 2 + -1 + (561 - i)?
5
Let b(r) = 8*r**3 - 6*r**2 - 19. Let x be b(-4). Let k = 236 - x. What is the hundreds digit of k?
8
Let i = -34647 - -101793. What is the hundreds digit of i?
1
Suppose -2*k = p - 14610, -2*k - 2*p - 6206 = -20812. What is the tens digit of k?
0
Suppose 16*n = -4*n + 40. Suppose 0 = 2*j + q - 3*q - 1370, -n*j - q = -1379. What is the tens digit of j?
8
Let n(t) = -t**3 - 49*t**2 + 35*t + 101. What is the units digit of n(-53)?
2
Let z be -1 - -2 - (-9)/((-9)/(-16)). Suppose -72 = 15*r - z*r. Suppose -125 = -4*f - 0*p - p, -f - 5*p = -r. What is the units digit of f?
1
Suppose -8 = -2*y - 2*t, 0*y - y = -2*t - 4. Suppose 0 = -4*k - v + y, 0 = 2*k + 4*v - 10 - 6. Suppose -36 = -r - k*r. What is the units digit of r?
6
Suppose 0 = 4*q + 5*r - 227760, -q - 8432 + 65372 = 5*r. What is the hundreds digit of q?
9
Let f be 1*((15 - 14) + (1 - -3)). Suppose 2*k = 4 - 10, 555 = f*i + 5*k. What is the tens digit of i?
1
What is the thousands digit of (0 + (-42975)/20)/((-1 + 2)/(-4))?
8
Suppose 5*z + 153*r - 143*r - 35745 = 0, -z + 7156 = -5*r. What is the hundreds digit of z?
1
Suppose -6*s = -s + 4*j - 82, 2*s + 2*j - 34 = 0. Let r be (-8)/(-7)*-7*(-7)/s. Suppose r*y - 164 = -144. What is the units digit of y?
5
Let k(f) = -18 + 5*f + 130*f**2 + 12 - 9*f. What is the units digit of k(-2)?
2
Let c(w) = w**3 + 7*w**2 + 6*w - 3. Let l be c(-6). Let j = 35 - l. What is the units digit of ((-19)/j)/((-1)/(-154)*-1)?
7
Suppose -12*r + 0*r + 21612 = 0. Suppose 0 = 4*l - 3*c + 5*c - 2418, r = 3*l + 4*c. What is the tens digit of l?
0
Let t(r) = -r**3 + 5*r**2 - 6*r + 5. Let k be t(4). What is the units digit of (19 - 20)/(5/k)*655?
3
Let l(k) = 23*k - 2. Let i be l(4). Suppose 4 - i = -c. Suppose -82 = -4*d + c. What is the units digit of d?
2
Let q = 151 + -148. Suppose 5*c - 3*k = 3276, q*c + 4*k - 1962 = 7*k. What is the units digit of c?
7
Let v = -13198 + 23245. What is the tens digit of v?
4
Suppose -193*o = -192*o + 105. Let j = -99 - -319. Let b = o + j. What is the tens digit of b?
1
Suppose -5*f + 20850 = -223*i + 226*i, 4*f - i = 16680. What is the thousands digit of f?
4
Let a(s) = 2*s - 4. Let d be a(28). Suppose 26*t + d = 22*t. What is the units digit of (10/t)/5 - (-1460)/26?
6
Suppose 14664 = 7*c - 10970. What is the thousands digit of c?
3
What is the hundreds digit of ((84015/24)/(12/8))/((-2)/(-16))?
6
What is the units digit of (11 + -12 - 1)*-11878?
6
Suppose -58*i + 80385 = -21463. What is the thousands digit of i?
1
Suppose 0 = 7*s + s - 96. Suppose -4*r - s = 0, -7*b + 2*b + 4*r = -3162. What is the units digit of b?
0
Suppose 4*s - 304592 = p, 0 = 314*s - 309*s - 4*p - 380718. What is the ten thousands digit of s?
7
Suppose 5*i - 45 = 3*l, 3*l - 11 = -4*i + 52. What is the units digit of (-4)/(-16) - (-4953)/i?
3
Let r(d) = -3*d**2 + 65*d + 43. Let j be r(22). Let a = 3 - 5. What is the units digit of ((-1 - a) + j)*2?
4
Let l(j) = -86*j + 4 - 19 + 7 + 7. What is the hundreds digit of l(-2)?
1
Suppose 0 = -0*x + x + 1. Let b be 324/4 - (x + (-3 - -3)). Suppose -4*i = -3*i + 1, i = o - b. What is the tens digit of o?
8
Suppose 20*r = 4584 + 16156. What is the hundreds digit of r?
0
Suppose 72 - 70 = 2*n. What is the units digit of (-7)/(7/(-329)*n)?
9
Let o(h) = 60*h**2 - 3. Let s be o(2). Let m = 241 + s. What is the tens digit of m?
7
Let k(h) = 4*h**2 + 8*h - 7. Let t be k(6). Let j be 3 - (-51)/(-15) - 201/(-15). Suppose t - j = 4*c. What is the tens digit of c?
4
Suppose 107 = -6*k + 77. What is the units digit of k + (-228)/(-44) + 1426/22?
5
Suppose 136 = -165*x + 161*x. Let b = x - -16. Let m(q) = -8*q - 7. What